?
False
Let p = -1056 - -728. Let t = p + -597. Let h = 1670 + t. Is h composite?
True
Let m(i) = 2*i + 4. Let f = -104 - -103. Let v be m(f). Suppose 2*q - 2*t = 1254, -v*q + 695 = t - 565. Is q a prime number?
False
Let o(h) = -h**2 + 194. Suppose 17 = 8*f + 1. Suppose f*j - 3*z - 9 = 0, j - 6 = -2*j + 2*z. Is o(j) composite?
True
Is (-321020)/(-21) + (0 - (-6)/18) a prime number?
True
Let n(x) = 439*x**2 + 53*x + 793. Is n(-15) prime?
True
Suppose -35*r + 39977 + 12068 = 0. Let w = 2188 - r. Is w a prime number?
True
Let b = 2453582 - 1114191. Is b composite?
False
Let d(a) be the third derivative of -43*a**6/40 - 11*a**5/60 - 13*a**4/12 - 7*a**3/6 + a**2 - 26*a. Is d(-3) a composite number?
True
Let z be (-2 + -106 + 1)*(-10 + 137). Let o = z - -30726. Is o a prime number?
True
Let y = 116860 + 146379. Is y a composite number?
False
Is (33/(-12) + 34/24)*(-6864978)/8 prime?
True
Suppose 5*l - 40*z + 43*z - 25 = 0, -15 = -3*l + 2*z. Suppose -l*w + 3*j = -4370, 5*w - 2621 = 2*w + 2*j. Is w a prime number?
True
Suppose -47*y + 11799607 = 628976. Is y a prime number?
True
Let t = -58 + 66. Is 1476 - 9 - t/(-2) prime?
True
Suppose m + 0*m - 74099 = -p, 4*p + m - 296411 = 0. Suppose -15113 = -9*k + p. Is k a composite number?
True
Let p be (-932)/(-10) - 232/(-290). Is (348/24 - 3)/(1/p) a composite number?
True
Suppose 17*l + 23 = -28. Is -6*(-2)/l - (-791 + 0) a composite number?
False
Let f(w) = w**2 - 6*w + 17. Let m be f(2). Is (-5 + m)*11917/4 a composite number?
True
Let f(z) = 56*z - 12. Let y(m) = -2*m + 1. Let r(t) = -2*f(t) - 22*y(t). Let h be r(11). Is 3*h/(-18)*3 a composite number?
False
Suppose 9*v + 6 = 15*v. Let n(x) = 4*x**2 + 3*x + 147. Let g(r) = r**2 + 1. Let d(o) = v*n(o) - 5*g(o). Is d(0) prime?
False
Suppose -5*n = -19 + 4. Suppose -4*s + 5 + n = 0. Suppose 0 = -5*o + s*y + 10761, -2*y - y = 2*o - 4312. Is o prime?
True
Let q be 4/(-12) + (-50830)/(-30). Is q - (-7 - -15) - -7 composite?
False
Suppose -4*j - 5*r = -305057 - 734513, -r = -6. Is j a composite number?
True
Let o(n) = -2231*n + 32. Suppose 3*k + 37 = 22. Let y be o(k). Let q = y + -4146. Is q prime?
False
Suppose -236*p + 229*p = -216895. Is p a composite number?
True
Suppose 5*a - 3*g = -2, -4*a = 5*g - 42 + 14. Suppose 3*w + a*o = 1539, 0 = -5*w + 2*o + 2*o + 2543. Let y = -66 + w. Is y a prime number?
False
Let h(d) = 1258*d**2 + 40*d + 127. Is h(-9) prime?
False
Suppose -12*s + 384096 + 40476 = 0. Is s a composite number?
False
Let d(p) = 16091*p**3 - 25*p**2 + p + 5. Is d(4) composite?
False
Let g(y) = 14*y**3 - 43*y - 11. Let f be g(-7). Let l = f + 8069. Is l a prime number?
True
Suppose 4*l + 3*o - 174488 = -o, 87242 = 2*l + 4*o. Suppose l = 12*q - 18069. Is q prime?
False
Let n(b) = 110281*b + 49. Is n(6) composite?
True
Let l(i) = 14 - i**2 - 5 + 55*i - 40*i. Let h be (45/(-30))/((-6)/52). Is l(h) a prime number?
False
Let q be 3/18 - (-244)/(-24). Let h(m) = 7*m**2 + 8*m + 12. Let f be h(q). Suppose -3*x = -2*a + 4*a - 1903, -x - 3*a + f = 0. Is x composite?
True
Suppose -74*f = -78*f + 20. Suppose 4*g + 0*c - 5*c = 1212, f*c - 1560 = -5*g. Suppose 8*u - 12*u + g = 0. Is u composite?
True
Let n = -17476 - -29975. Is n a composite number?
True
Let k = 1146730 + -725811. Is k prime?
True
Let n(x) = -x**2 - 12*x + 97. Let y be n(-21). Let q(g) = 416*g - 1. Let s be q(-4). Is (s/(-30))/((-6)/y) a composite number?
True
Suppose 97*n + 165886 = 788587 + 146800. Is n a composite number?
False
Let n(c) = -88*c**3 - 330*c**2 - 2*c + 1. Is n(-12) composite?
True
Let p(b) = 14*b**2 - 3. Suppose -11*a - 40 = -3*a. Is p(a) a composite number?
False
Let h(f) = -578*f**3 - f**2 + 1. Suppose -2*i - 31 = -29. Let z be h(i). Let g = z - 324. Is g composite?
True
Let v(y) = 6*y**2 + 18*y - 103. Let f be v(-17). Let h = f - -624. Is h prime?
True
Let m(r) = r**3 + 4*r**2 + r - 4. Let a be m(-2). Suppose 9*p + 3742 = 6*q + 10*p, -a*q - 3*p + 1258 = 0. Is q composite?
True
Let o(g) = 508657*g**2 + 947*g - 947. Is o(1) a composite number?
True
Let f = -89 + 93. Suppose 0 = -2*i - 3*i - 3*b + 18, -i + 22 = -f*b. Suppose -4*x + 14317 = 11*t - i*t, -4*t - x + 11447 = 0. Is t a composite number?
False
Let i(u) be the first derivative of 2*u**4 - 4*u**3 + 5*u**2/2 - 53*u + 4. Let p(q) = -q**2 + 33*q - 256. Let j be p(14). Is i(j) prime?
False
Let x(c) = 35*c**2 + c - 2. Let s(q) = -3*q - 5. Let o be s(-2). Let p be x(o). Let l = 3 + p. Is l composite?
False
Let q(o) = 28*o**2 + 47*o - 1998. Is q(49) prime?
False
Is (((-36)/(-14))/6)/((-186)/(-764815198)) composite?
False
Let s = -362 + 522. Let r = s - -108. Suppose 6*q + r = 2110. Is q a prime number?
True
Let j be 28/(-84) - 2/((-12)/176114). Suppose -18*u + j = -306330. Is u prime?
False
Let c = -373 - -104. Let v = -1955 - c. Is (-3)/(-1 - v/1689) a composite number?
True
Let t be ((-18)/(-15) - 1) + (-72)/(-40). Let w = 576 + -365. Suppose j = t*c - w + 1418, 0 = 5*j - 4*c - 6053. Is j a composite number?
False
Let o(m) = 656*m + 9. Suppose -10*k + 0*k = -290. Is o(k) composite?
True
Let m(t) = t**3 + 10*t**2 + 16*t - 2. Let y be m(-8). Let p be (y + -1 + -5)/((-3)/867). Suppose 1330 = 2*a - p. Is a a prime number?
False
Let o(m) = 5*m**2 + 524*m + 221. Is o(90) a prime number?
True
Suppose 2*s = -5*u + 2835 + 26020, -2*u - 3*s = -11553. Suppose 0 = -d + 5*c + u, d = -0*c - c + 5781. Is d a composite number?
False
Let r(k) = -4*k**2 - 6*k - 4. Let v be r(-1). Suppose 5*p = 5*z + 45, -3*z + 0*z - 3*p = 3. Is (4 + z + 0)/(v/3046) prime?
True
Let x = -420 + -468. Let t = -493 - x. Is t a prime number?
False
Let p be (16/(-20))/((-16)/260880). Suppose 5*o + v - p = 0, -11*o + 13049 = -6*o - 4*v. Is o prime?
True
Suppose -2*r + 8 = -r - 3*m, 4*m + 16 = 4*r. Suppose 0 = -2*y + b - 14, -y + 2*b + r*b + 7 = 0. Is (1/(y/(-6)))/(6/1341) a prime number?
True
Let i = -79 - -81. Let w(y) = 1 - 3 + 8 + 1 + 371*y. Is w(i) prime?
False
Is (7631862/4)/7*((-340)/30)/(-17) a composite number?
False
Suppose -4*s = x, -2*x + s + 1 + 17 = 0. Suppose 0 = -5*q + q - 2*i - x, 3*q - 3*i = 3. Is 169 + -1 + 2 + q a composite number?
True
Let t(a) = 315*a**2 + 38*a + 1. Is t(-10) composite?
False
Let o be 4 - (4/(-2) + -2 + -17). Suppose 4*p - 3060 = -2*z - 3*z, -5*p = o. Suppose -8*r + z = -0*r. Is r prime?
False
Let i(j) = 4*j**3 - 7*j**2 + 2. Let w be i(2). Suppose 0 = w*r + 505 - 14443. Is r a prime number?
False
Let j(s) = 51*s**2 - 115*s - 3. Is j(-16) a prime number?
False
Suppose -5*k + 6*k = 3, -3*s + 2*k + 3117 = 0. Let n = -592 + s. Suppose n - 77 = 6*c. Is c a composite number?
True
Suppose -10*u = -60*u + 5700. Let v be (-2)/(-2*1) - -18. Suppose -25*x + u = -v*x. Is x a composite number?
False
Suppose -4*a + 5*g - 8 = -0*a, -3*a - 37 = 4*g. Let t(q) = -36*q**3 - 8*q**2 + q + 10. Is t(a) a composite number?
False
Let t be 10/(-4) - 6/(-12). Let o be 2*(2 - (3 - t)). Let d(p) = 5*p**2 + 10*p - 5. Is d(o) composite?
True
Let n = 29 + -24. Suppose 0 = -5*b + 3*b + 8, 5*s + 4*b = 16. Suppose -2*i - n*x + 4107 = i, s = -i + 4*x + 1369. Is i composite?
True
Suppose -f - 11 = 2*y, 3*f + 15 = -5*y - 13. Suppose -3*d + 3*l + 54 = 0, 30 = -2*l + 40. Is 392 + d + 2*f a prime number?
False
Suppose -3798 - 877 = 17*n. Let u = n - -4562. Is u prime?
False
Let y(r) be the third derivative of r**6/120 - r**5/60 - r**4/12 - 23*r**2. Let u be y(0). Suppose -4*z - 4 = u, 226 = 3*h - 4*z - 2079. Is h a prime number?
False
Let d be (2/(-6))/((-16)/96) - -1. Is ((-20199)/d + 3)*2/(-4) a composite number?
True
Let i = 327 - 331. Is (i + 3)*-7*1761/3 a composite number?
True
Let l = 37 + -31. Suppose l*f = 12*f. Suppose 0 = 3*t - 0*t + 12, f = 5*r - 5*t - 19965. Is r composite?
False
Suppose -62*l + 59*l = 924. Is 2/(-30)*-3 + l/(-10) prime?
True
Let b = 6778 + -3462. Suppose 19*i = 20*i - 2*l, -2*i + 5*l - 4 = 0. Suppose i*n - 532 = b. Is n prime?
False
Let n = 24 - 15. Suppose -2946 - 11085 = -n*c. Is c a composite number?
False
Suppose 8*w - 15 = 3*w. Let i(f) = -2 - 10*f - 9*f**w + 18*f + 1 + 5*f**2. Is i(-4) composite?
True
Let w = -83 + 127. Let f = -36 + w. Suppose f*g = 13*g - 415. Is g prime?
True
Suppose 316511 = 5*b + 4*p, 3*b - 189913 = -1002*p + 998*p. Is b a prime number?
True
Let r(j) = -21*j**2 + 3*j + 10. Let i be r(14). Let c = -2865 - i